 t = -345 + 345. Suppose -3*z + 1238 + 7 = t. What is the tens digit of z?
1
Suppose -55*w - 198856 + 236700 + 773901 = 0. What is the thousands digit of w?
4
Let m(a) = 9*a - 18. Let i be m(2). Suppose -c + 1 - 6 = i. Let o(z) = -2*z**3 + z**2 + 9*z + 8. What is the units digit of o(c)?
8
Let q = -25438 - -37554. Suppose 41 = -23*c + q. What is the hundreds digit of c?
5
Let n(x) = x**2 - 56*x + 151. What is the units digit of n(0)?
1
Let t(s) = -s**3 - 14*s**2 - 27*s - 15. Let j be t(-12). Suppose -j*a + 10*a = -4334. What is the hundreds digit of a?
3
Let r(t) = 25*t - 89. Let p be r(6). Let x = 97 - p. What is the tens digit of x?
3
What is the tens digit of (-4)/(-9) + (-102591365)/(-2115)?
0
Suppose -2263 = -2*l - 2337. What is the units digit of (-5881)/(-6) + -1 - l/(-222)?
9
Suppose 3*i + 2*z - 21 = 10, 3*i + z - 29 = 0. Let r = -1 + 11. Suppose i*l + 234 = r*l. What is the hundreds digit of l?
2
Suppose 5*c - 2*f - 691 = 2*f, -2*f + 262 = 2*c. Suppose -3*a - c = -12*a. What is the hundreds digit of (-892)/(-6) - 1 - 10/a?
1
Suppose 60*z = 7*z + 106333 + 22457. What is the units digit of z?
0
Let d(s) = -s**3 - 10*s**2 - 16*s - 10. Let n be d(-10). Let q = n - 5. Let z = q - -17. What is the hundreds digit of z?
1
Suppose -254*t + 2159247 - 1305509 = -1744682. What is the hundreds digit of t?
2
Let p be 2/(-7) + (-4330)/(-14). Suppose -3*d + 10*r - 12*r = -333, -4*r = -d + 111. Suppose -p = -d*j + 108*j. What is the units digit of j?
3
Let w(y) = 2417*y - 80. What is the thousands digit of w(2)?
4
Suppose 35*c - 89103 = 13062. What is the thousands digit of c?
2
Suppose -y - 2*g = 11, 0*g = -3*y - 3*g - 27. Let s(c) = -c**3 - 5*c**2 - c - 2. What is the units digit of s(y)?
3
Let o = 132 - 129. Suppose 4*p - 3240 = -6*n, 0 = 7*p - 8*p + o*n + 819. What is the tens digit of p?
1
Suppose 33*l = 43*l + 1020. Let a = 496 + l. What is the tens digit of a?
9
Suppose 0 = 14*z - 13134 - 5518 - 150. What is the units digit of z?
3
Let b be -26 + -1*(0 + 1). Suppose 0 = -5*h, 352*z + 5*h - 330 = 347*z. Let m = z - b. What is the units digit of m?
3
Let u(q) = 14*q - 38. Let n be u(4). What is the hundreds digit of ((-389)/(-8) - 1/8)*n?
8
Let j(x) be the third derivative of x**6/120 - x**5/12 + 3*x**4/8 + 2*x**3/3 + 55*x**2. What is the hundreds digit of j(10)?
5
Let f(j) = -431*j - 252. What is the thousands digit of f(-13)?
5
Suppose -5*u + 48 = 3*k, 4*u - 22 - 1 = -k. Suppose -42 = -5*j + 3*o, j + 3 = -5*o - k. What is the tens digit of (j/(-9))/(4 - 2634/657)?
7
Let r = 14508 - 753. What is the thousands digit of r?
3
Suppose 0 = -26*b + 30*b - 6244. Suppose -4*k - 2390 = -5*t, -5*k - b = -5*t + 829. What is the tens digit of t?
7
Let o be ((-8)/(-10) + -2)*(-10)/3. Suppose b + 2*b - o*y - 25 = 0, -4*y = 16. What is the units digit of 2*(b - 2)*285/6?
5
Let l(w) = -w**3 + 18*w**2 + 21*w + 13. Let n be l(19). Let g = n + -41. Let z(b) = 4*b**2 - 13*b - 18. What is the tens digit of z(g)?
5
Let a(v) = 29*v + 25. Let n be a(13). What is the hundreds digit of n*-1*8/(-12)?
2
Let m(l) = 2*l + 10. Let u be m(-3). Suppose -3*c + u*r + 317 + 199 = 0, -4*c + 710 = 2*r. What is the hundreds digit of c?
1
Let c be (-6)/(-15)*(4 - -16). Let n(b) = -b**2 + 8*b + 2. Let f be n(c). What is the hundreds digit of ((-3)/(-4))/(f/408)?
1
Let f be (7128/495)/(-3*(-1)/640). Suppose 3*u = -3*u + f. What is the tens digit of u?
1
Let u = -276 + 285. What is the tens digit of ((-1104)/(-9))/(3/u + 0)?
6
Suppose -20*s + 15*s + 27828 = 4*x, 34785 = 5*x - s. What is the hundreds digit of x?
9
Let x be (-1)/((-5)/28 - (-36)/84). Let b(y) = -5*y**2 + 5*y - 3. Let p be b(x). Let j = 106 + p. What is the units digit of j?
3
Let t(l) = 39*l + 89. Let g be t(-3). Let h be (6 - 4)/(2/21). Let c = h - g. What is the units digit of c?
9
Let l be (20904/96)/((-1)/(-4) + 0). Let m = l - 501. What is the units digit of m?
0
Let m be (-66)/17 + (-12)/102. Let n(a) = -23*a - 12. Let b be n(m). Suppose -u + b = 3*u. What is the units digit of u?
0
Suppose 2*r + 73722 = 5*g, -4*r + 12485 + 2277 = g. What is the tens digit of g?
4
Let n = 39992 - 28707. What is the thousands digit of n?
1
Suppose 3*q = 2*m - 138, -2*m + 106 = q - 24. Suppose 69*g = m*g + 1542. What is the hundreds digit of g?
5
Suppose 5*a + 413 = 5*b + 7*a, -2*b + 3*a = -150. Suppose b*h = 74*h + 4305. What is the hundreds digit of h?
6
Suppose 304 + 92 = -11*h. What is the tens digit of 750 - (-4 + h/(-6))?
4
What is the tens digit of ((16614/12 - 7) + -5)*2?
4
Let c(n) = n**3 + 4*n**2 - 22*n - 54. Let w be c(-6). Let a(d) = -3*d**2 - 5*d + 6. Let f be a(-6). What is the hundreds digit of (-3)/(f/4) + 749/w?
1
Suppose 0 = 35*u - 34*u - 5*s - 664, -u - 5*s + 674 = 0. What is the units digit of u?
9
What is the hundreds digit of (-3)/(-5) + (-138)/230 - -5292 - 6?
2
Let q(r) = -r**2 - 9*r - 15. Let j be q(-5). Suppose 4*b - 105 = -j*p - b, -2*p = -4*b - 36. What is the units digit of (-64)/3*(-30)/p?
2
Suppose -4*y - 198 = -2*f, 5*y - 135 - 54 = -2*f. Suppose -f*o = -99*o. Let u(n) = -2*n**2 + 3*n + 43. What is the tens digit of u(o)?
4
Suppose 5*a = -4*g + 26946, -3*g - g + 4*a + 26928 = 0. What is the units digit of g?
4
Let c be -30 + -3 - (-6 - -2). What is the units digit of (-39 - c)*474/(-5)?
8
Let a be 1/3 + (2 - 3/9). What is the hundreds digit of ((-8)/(-10))/(a/(-5)) - -210?
2
Let z(i) = 664*i + 594. What is the ten thousands digit of z(21)?
1
Let j = -1593 - -725. Let z = j - -2112. What is the hundreds digit of z?
2
What is the hundreds digit of (-2 - -10)/(-9*(-83587)/(-107471) - -7)?
4
Suppose 212 = 8*c + 36. Suppose -3*j - c = -2*y, 2*j + 2*y + 2*y - 12 = 0. What is the units digit of 73 - (3 - (-6 - j))?
8
Suppose 3*m - 3*k = -24166 + 95227, 5*m - 3*k - 118445 = 0. What is the tens digit of m?
9
Let k = 75 + -64. Suppose -4*h + 1 = -k, -2*g - 4*h = -56. Let a = g - -66. What is the units digit of a?
8
Suppose -3082 = -5*p - 702. Suppose 0 = 4*s, -3*s + 3396 = 4*x + p. Suppose -2*q + x = 5*w + 224, 3*w - 291 = 3*q. What is the tens digit of w?
0
Let c(u) = -u**3 + 16*u**2 - 18*u - 19. Suppose -67*i + 59*i = -112. What is the tens digit of c(i)?
2
Let y(o) = -2*o**2 + 7*o + 42. Let j be y(-3). Suppose 982 + 5192 = j*a. What is the hundreds digit of a?
0
Let y(q) = q**3 - 89*q**2 + 183*q + 152. What is the hundreds digit of y(88)?
5
Suppose -9*b + 36*b - 216 = 0. Suppose b*k - 12*k = -140. What is the units digit of k?
5
Suppose -3*x = -4*x - 46. Suppose 0 = -3*b + 9 + 99. Let l = b - x. What is the tens digit of l?
8
Let d(o) = 877*o**2 - 12*o - 70. What is the ten thousands digit of d(-4)?
1
Let v = -1310 + 3918. What is the thousands digit of v?
2
Let n be ((-4710)/4)/((-11)/22). Suppose -5*q - 3*c + 1745 = -606, 5*q + 5*c = n. What is the tens digit of q?
6
Let z(p) = 4*p**2 - 94*p - 62. Let t be z(39). Suppose 0 = 12*w - t - 9116. What is the hundreds digit of w?
9
Let k = -39 + 46. Let o(j) = -j**3 + 8*j**2 - 6*j - 10. Let w be o(k). What is the units digit of w - -4 - -18 - 1?
8
Let z(w) = 2*w**2 + 2*w + 3. Let s be z(4). Suppose -s = -9*y + 128. Let f = y - 17. What is the units digit of f?
2
What is the units digit of 515100/25 - (4 + -5)?
5
Let x = -468 - -1088. Suppose 8*y - x = 6*y. What is the hundreds digit of y?
3
Let o(q) = 9*q - 6 + 19 + 2*q**2 + 20 - 13. What is the tens digit of o(-14)?
8
Let h(i) = 139*i**2 + 6*i - 277. What is the thousands digit of h(-11)?
6
Suppose -77 = 2*b - 9*b. Let x(c) = -b - 3 - 3 + 5 - 5*c. What is the tens digit of x(-13)?
5
Let k(m) = m**3 + 14*m + 6489. What is the tens digit of k(0)?
8
Suppose -4 = v, -v - 34 = 6*r - 8*r. Suppose c - f - 1272 = -6*f, -r = -5*f. What is the thousands digit of c?
1
Let j(i) = -50*i + 23. Let m(g) = -16 - 9 - 6 + 31*g - 29*g. Let q be m(13). What is the units digit of j(q)?
3
Let b(p) = p**3 - 7*p**2 + 2*p - 6. Let o = -64 - -71. Let g be b(o). Let n(t) = 24*t - 58. What is the units digit of n(g)?
4
Let v(k) be the second derivative of -11*k**3 - 83*k**2/2 + 123*k. What is the tens digit of v(-7)?
7
What is the ten thousands digit of (-14)/147*6013*-48?
2
Suppose 0 = 50*d - 825477 - 178523. What is the ten thousands digit of d?
2
Let p = 369 + -5. Let u = -4319 - -4067. Let g = u + p. What is the tens digit of g?
1
L